. Calculate m(3).
-298
Let l(k) = 2*k**2 - 21*k + 53. Calculate l(5).
-2
Let m(s) = -s**3 - 8*s**2 - 3*s + 78. What is m(-7)?
50
Let d(s) = 3*s**3 - 9*s**2 - 10*s + 96. Calculate d(4).
104
Let u(z) = z**3 + 19*z**2 - 63*z - 7. Give u(4).
109
Let f(p) = p**3 - 70*p**2 + 128*p + 19. Determine f(2).
3
Let l(u) = 29*u + 269. Calculate l(-7).
66
Let u(d) = 2*d**2 + 16*d + 106. Determine u(-6).
82
Let t(o) = -833*o - 5802. Give t(-7).
29
Let t(r) = -r**2 - 13*r + 144. Determine t(-21).
-24
Let f(k) = k**3 - 5*k**2 + 2*k - 86. What is f(0)?
-86
Let m(v) = -24*v**2 + 34*v - 1. Give m(1).
9
Let f(j) = 3*j**2 - 86*j + 112. Calculate f(27).
-23
Let s(h) = -35*h**2 - 1280*h + 557. Give s(-37).
2
Let s(w) = -289*w + 87. Give s(0).
87
Let l(g) = 66*g - 320. Give l(5).
10
Let t(v) = 3*v + 16. Determine t(-4).
4
Let f(n) = -5*n - 10. What is f(2)?
-20
Let d(r) = 361*r + 4688. What is d(-13)?
-5
Let y(g) = -31*g - 1925. Give y(-62).
-3
Let k(v) = -v**3 + 59*v**2 - 175*v + 323. What is k(56)?
-69
Let p(j) = -2*j**3 + 21*j**2 - 50*j - 10. Give p(3).
-25
Let x(i) = 6*i - 245. Calculate x(31).
-59
Let p(a) = -a**3 + 44*a**2 + 243*a + 90. Determine p(49).
-8
Let v(g) = -2*g**2 - 111*g + 150. Determine v(-57).
-21
Let m(o) = 2*o**2 - 12*o - 371. What is m(27)?
763
Let n(y) = -247*y - 495. Give n(-2).
-1
Let q(o) = 49*o - 256. Give q(3).
-109
Let m(r) = r**2 + 55*r - 20. What is m(-60)?
280
Let y(d) = d**3 + 29*d**2 + 8*d + 333. What is y(-29)?
101
Let f(m) = 76*m + 3343. What is f(-47)?
-229
Let t(i) = -2*i**3 - 16*i**2 - 20*i - 26. What is t(-7)?
16
Let j(q) = q**3 - 11*q**2 - 24*q + 53. What is j(13)?
79
Let n(m) = -m**3 + 30*m**2 - 37*m + 228. Calculate n(29).
-4
Let c(t) = 44*t**2 + 1186*t - 1185. Determine c(1).
45
Let j(v) = -345*v - 324. Determine j(-1).
21
Let k(f) = -64*f - 321. Give k(-4).
-65
Let u(d) = d**2 - 33*d + 132. Calculate u(20).
-128
Let h(s) = 68*s + 183. Give h(-7).
-293
Let a(m) = 8*m - 131. Calculate a(14).
-19
Let q(t) = -39*t + 86. Determine q(2).
8
Let l(s) = 111*s - 28. Determine l(1).
83
Let h(s) = 2*s**2 + 8*s - 28. Calculate h(-10).
92
Let p(s) = s**3 + 19*s**2 - 82*s - 837. What is p(-21)?
3
Let s(d) = -4*d**2 - 23*d - 138. Determine s(-8).
-210
Let x(r) = -19*r - 54. Determine x(-3).
3
Let g(j) = 5*j**2 + 96*j + 1368. Calculate g(-13).
965
Let p(w) = -99*w - 2076. What is p(-19)?
-195
Let f(c) = -46*c**2 - 25*c + 48. Give f(2).
-186
Let y(j) = -j**2 - 80*j - 1069. Determine y(-59).
170
Let h(t) = -t**3 + 21*t**2 + 19*t + 46. Calculate h(22).
-20
Let w(g) = -34*g + 331. Determine w(7).
93
Let v(q) = -q**2 + 1766*q - 22782. What is v(13)?
7
Let o(f) = -191*f + 7. Calculate o(0).
7
Let c(r) = -2*r**3 + 17*r**2 - 19*r + 13. Calculate c(7).
27
Let m(v) = 196*v + 583. Give m(-3).
-5
Let g(k) = -k**2 - 181*k + 68273. What is g(186)?
11
Let l(m) = -159*m**3 - 181*m**2 - 182*m. Calculate l(-1).
160
Let w(v) = v**2 + 81*v + 398. Determine w(-5).
18
Let j(y) = y**3 + 104*y**2 + 277*y - 2635. Give j(-101).
-9
Let t(d) = -5331*d - 31981. Calculate t(-6).
5
Let c(w) = 13*w**3 + 92*w**2 - 9*w - 20. Give c(-7).
92
Let g(f) = -f**3 - 63*f**2 + 71*f + 448. Calculate g(-64).
0
Let q(j) = 3*j - 16. What is q(-33)?
-115
Let v(c) = 321*c + 903. Give v(-3).
-60
Let t(w) = -2*w**2 + 66*w - 406. Give t(25).
-6
Let c(v) = 625*v + 28756. What is c(-46)?
6
Let l(w) = 2*w**3 - 39*w**2 + 159*w - 34. Give l(14).
36
Let x(n) = -n**3 + 14*n**2 + 9*n - 54. Give x(9).
432
Let d(s) = -2*s**3 - 19*s**2 + 55*s + 554. Determine d(-9).
-22
Let x(d) = 7*d**2 - 23*d + 48. Give x(2).
30
Let k(c) = c**2 + 12*c - 78. Calculate k(-16).
-14
Let o(u) = 2*u**2 - 14*u - 62. Calculate o(7).
-62
Let m(p) = -2*p**2 - 4*p + 12. Determine m(-3).
6
Let r(i) = -i**3 - 4*i**2 + 51*i + 209. Determine r(-7).
-1
Let j(g) = g**2 + 98*g - 5663. What is j(41)?
36
Let u(h) = 3*h + 56. Calculate u(-7).
35
Let d(t) = 4*t - 53. Calculate d(-9).
-89
Let v(r) = 306*r + 4890. Calculate v(-16).
-6
Let p(y) = -461*y**2 - y + 7. Calculate p(1).
-455
Let h(z) = -8882*z + 8889. Determine h(1).
7
Let z(f) = 59*f - 1165. Determine z(20).
15
Let y(h) = -2*h**2 + 452*h - 13047. Determine y(34).
9
Let r(h) = 12176*h + 292228. Give r(-24).
4
Let z(r) = -2*r**3 - 2*r**2 + 5. Determine z(3).
-67
Let o(p) = 62*p + 108. Give o(-3).
-78
Let s(m) = -29*m**2 + 4. Calculate s(1).
-25
Let y(v) = v**2 - 39*v - 2252. Give y(-32).
20
Let v(q) = q**3 + 156*q**2 + 155*q - 60. What is v(-155)?
-60
Let q(n) = -1714*n + 27423. Determine q(16).
-1
Let i(n) = -161*n**2 + 13*n + 12. Determine i(-1).
-162
Let o(m) = 6*m**2 + 23*m - 6. What is o(-8)?
194
Let v(n) = 288*n**2 + 2017*n. What is v(-7)?
-7
Let n(b) = 144*b - 1709. Calculate n(12).
19
Let w(u) = -22*u - 105. What is w(-3)?
-39
Let x(j) = j**3 + 15*j**2 - 11*j + 174. Give x(-16).
94
Let f(d) = 49*d**2 - 493*d + 27. Give f(10).
-3
Let v(c) = -2*c**2 - 77*c - 571. Determine v(-28).
17
Let s(g) = -291*g - 66053. What is s(-227)?
4
Let h(r) = -13*r + 85. Give h(-4).
137
Let t(u) = 3*u**2 - 404*u - 7727. What is t(-17)?
8
Let k(r) = r**3 + 12*r**2 + 5*r - 13. What is k(-10)?
137
Let i(r) = -71*r - 1102. Give i(-16).
34
Let j(o) = -21*o**2 - 243*o - 243. Determine j(-1).
-21
Let l(j) = 4*j**3 - 142*j**2 - 79*j + 261. Give l(36).
9
Let r(p) = -p**2 + 308*p - 4908. What is r(17)?
39
Let v(r) = r**3 - 9*r**2 - 11*r - 52. Determine v(8).
-204
Let o(c) = -25*c - 7. What is o(7)?
-182
Let x(o) = -o**3 + 6*o**2 - 4*o + 10. Calculate x(6).
-14
Let v(g) = 1133*g + 6563. What is v(-6)?
-235
Let j(s) = s**2 + 33*s + 109. Calculate j(-5).
-31
Let i(n) = 4*n**3 + 395*n**2 - 99*n - 22. What is i(-99)?
-22
Let d(o) = -o**3 + 54*o**2 + 3*o - 89. Determine d(54).
73
Let y(o) = o**3 - 16*o**2 - 80*o + 3. What is y(-5)?
-122
Let n(h) = -193*h + 1578. Calculate n(9).
-159
Let s(l) = l**3 + 28*l**2 - 13*l + 109. Calculate s(-28).
473
Let v(t) = -340*t - 24469. What is v(-72)?
11
Let w(p) = -57*p**3 + 2*p**2 - 4*p + 1. What is w(1)?
-58
Let w(z) = -3*z**2 + 14*z + 5. What is w(5)?
0
Let n(u) = 52*u - 95. Give n(1).
-43
Let z(x) = 12*x + 415. Give z(-44).
-113
Let f(s) = -81*s - 804. Give f(-10).
6
Let y(s) = -72*s - 346. Calculate y(-6).
86
Let u(i) = 6317*i - 1. What is u(0)?
-1
Let w(n) = 4*n**3 - 37*n**2 + 18*n - 100. Give w(9).
-19
Let m(n) = 2*n**2 + 22*n + 62. What is m(-6)?
2
Let w(h) = -h**2 - 59*h + 277. What is w(-70)?
-493
Let n(k) = 2*k**3 - 29*k**2 + 258*k - 929. Calculate n(6).
7
Let v(p) = p**3 + 13*p**2 + 10*p - 34. Determine v(-9).
200
Let n(f) = 18*f - 987. Determine n(53).
-33
Let d(g) = -215*g - 7277. Determine d(-34).
33
Let o(g) = 142*g + 2650. Determine o(-19).
-48
Let l(m) = -1466*m + 14623. Determine l(10).
-37
Let m(t) = 336*t - 2689. What is m(8)?
-1
Let s(d) = 44*d + 475. Calculate s(-11).
-9
Let z(g) = g**3 + 4*g**2 - 541*g - 392. Calculate z(-25).
8
Let k(w) = -3*w**2 + 145*w - 59. What is k(49)?
-157
Let x(v) = v**3 - 134*v**2 - 122*v - 1741. Determine x(135).
14
Let d(y) = 35*y - 93. Give d(5).
82
Let j(g) = 5*g**3 + 3*g**2 - 5*g - 4. What is j(-1)?
-1
Let p(u) = u**3 + 49*u**2 + 8*u + 408. Calculate p(-49).
16
Let g(a) = a**3 - 23*a**2 - 12*a + 1436. Determine g(20).
-4
Let z(o) = 55*o + 2173. Calculate z(-40).
-27
Let v(i) = 9*i - 203. Determine v(22).
-5
Let f(m) = -534*m**2 - 4270*m + 17. What is f(-8)?
1
Let u(n) = 6*n**3 - 33*n**2 - 18*n + 10. Determine u(6).
10
Let g(o) = -61*o - 343. Calculate g(-3).
-160
Let s(l) = 225*l + 2947. Determine s(-13).
22
Let p(h) = h**2 - 114*h - 6649. What is p(-43)?
102
Let m(n) = 67*n + 742. Calculate m(-11).
5
Let u(t) = t**2 + 15*t - 4. Give u(4).
72
Let n(k) = -223*k - 680. Determine n(-3).
-11
Let g(a) = -a**2 - 362*a + 8452. Calculate g(22).
4
Let f(v) = 158*v + 21499. Calculate f(-136).
11
Let d(c) = -139*c - 1665. Calculate d(-12).
3
Let b(u) = -u**2 - 774*u + 15058. Give b(19).
-9
Let v(r) = 10*r**2 - 666*r - 223. Give v(67).
45
Let q(k) = k**3 - 7*k**2 - 12*k + 4. What is q(9)?
58
Let p(s) = 12*s + 26. Calculate p(-1).
14
Let f(c) = c**3 - 19*c**2 - 24*c + 42. Calculate f(20).
-38
Let l(h) = -57*h - 2114. What is l(-37)?
-5
Let q(f) = -2*f**3 + 115*f**2 + 178*f - 62. Give q(59).
-3
Let s(i) = -4*i**2 + 32*i - 1. Give s(1).
27
Let t(z) = 20*z**3 - 709*z**2 + 314*z + 28. Determine t(35).
-7
Let p(a) = -42*a**3 - 2*a**2